(c) = c**3 - 3*c**2 - 2. Let l be o(4). List the prime factors of ((-22)/(-3))/(l/21).
11
Let t = 5 + -5. Suppose z + t*z = -1. List the prime factors of (z + -3 - 0)/(-2).
2
Let u be (-3)/((-8)/(-6) - 1). Let p(a) = -3*a + 9. Let k be p(-2). Let o = k + u. What are the prime factors of o?
2, 3
Suppose 0 = d + 2*h - 15, 5*d - h = h + 15. Suppose a - 5 = d. What are the prime factors of a?
2, 5
Let c = 50 - -38. What are the prime factors of c?
2, 11
Suppose -39 = -2*y + 13. Let n = 43 - y. What are the prime factors of n?
17
Let l be 4 + 0*(-2)/(-4). Suppose -y + 5*d - 5 = -18, -l*d + 65 = 5*y. Let k = y - 9. List the prime factors of k.
2
Suppose 0 = 3*h - 6*h + 12. Let t be (-1)/(1*(-2)/10). Suppose -w - h*w = 2*j - 22, t*w - 34 = j. List the prime factors of w.
2, 3
Let r = 51 + -18. List the prime factors of r.
3, 11
Let z = -11 + 2. Let j = 15 + z. What are the prime factors of j?
2, 3
Let a = -22 - -12. List the prime factors of -2 + (-5)/(a/32).
2, 7
Suppose -6*a - h + 4 = -2*a, -5*h = -5*a + 30. Let q(o) = -o**2 + 7*o - 7. Let w be q(5). Suppose -w*c + a = -13. What are the prime factors of c?
5
Let n(a) be the first derivative of 5*a**3/3 - 3*a**2/2 - 3*a - 2. What are the prime factors of n(-2)?
23
Suppose -2*i - 2*i + 266 = a, -5*i + 320 = -5*a. What are the prime factors of i?
2, 3, 11
Suppose -2*m + 366 = -160. List the prime factors of m.
263
Let h(i) = -i**3 - 13*i**2 + 11*i + 11. What are the prime factors of h(-14)?
53
Let k(d) = d**2 + 2 + 1 + 2 + 0*d**2 - 2*d. List the prime factors of k(6).
29
Suppose 0 = -2*y - 37 + 1. What are the prime factors of (-86)/y - 4/(-18)?
5
Let l(d) = -d**3 - 2*d**2 + 2. Let s be l(-2). Suppose -2*v - s*b + 26 = b, -4*v = 5*b - 50. List the prime factors of v.
2, 5
Let q be 1 - ((2 - 1) + -52). Suppose -q = -2*k + 16. List the prime factors of k.
2, 17
Suppose -3*v + 8*v + 8 = -3*m, -3*v + 2 = -5*m. Let i be (-6)/m*14/6. Suppose -n - 3 = 2*q - 5, -3*n = 4*q - i. What are the prime factors of n?
2, 5
Let q = -49 - -150. List the prime factors of q.
101
Let m be (-6 + 2 + -2)*-7. Suppose -2*v - 4*n = -m, 3*v - 54 = 5*n + 64. Let a = v + -22. What are the prime factors of a?
3
Suppose 4*o + 4 = i, 2*i + 2*o + 42 = 5*i. List the prime factors of i.
2
Suppose 2*m = 4*p - 222, p - 9 = 4*m + 57. Suppose 3*j + 5*g = -0*g + 23, p = 4*j - 5*g. Suppose i - h = j, i - h = -5*h + 11. What are the prime factors of i?
11
Suppose 4*k + 12 = -8. Let i = k + 10. List the prime factors of i.
5
Let a = 6 - 9. Let j = a - -6. Suppose 0*y + 21 = j*y. List the prime factors of y.
7
What are the prime factors of 10/4*18/9?
5
Suppose 11 = -4*v + 7. Let l(d) = 4*d**2 + d + 4*d - 6*d. What are the prime factors of l(v)?
5
Let v(b) = 51*b**2 + b. List the prime factors of v(1).
2, 13
Let l be (14 + -3)/(3/(-6)). Let v = l - -42. What are the prime factors of v?
2, 5
Let i = -20 + 36. Let v = -5 + i. List the prime factors of (-5)/10 + v/2.
5
What are the prime factors of -1*(0 + -4 + -111)?
5, 23
Let r(x) = x**3 + 20*x**2 + 16*x + 45. List the prime factors of r(-19).
2, 3, 17
Let m(v) = -v + 1. Let q be m(2). Let d be q/(-6) + 82/12. Let c = -4 + d. What are the prime factors of c?
3
Suppose -k = 3*k - 3*g + 25, 17 = -2*k - 3*g. Let a be (-44)/(-2) - (k + 5). Suppose -3*t - 3*j + a = 0, -2*j - 20 = -t + j. What are the prime factors of t?
11
Let m = 37 + -19. Suppose 0 = 5*o - 7 - m. Suppose p - 4*y = -p + 54, 105 = o*p - 4*y. List the prime factors of p.
17
Suppose j - 25 = -0*j. What are the prime factors of j?
5
Suppose -243 = -5*y - d, -y + 5*d - 63 = -2*y. List the prime factors of y.
2, 3
Let z(v) be the first derivative of -2 + 3/2*v**2 - 1/4*v**4 - 3*v + 2/3*v**3. What are the prime factors of z(2)?
3
Let f be 0/((-2)/(-2) - 2). Suppose f*s + 2*s - 18 = 0. List the prime factors of s.
3
Suppose -3*s - 2*k + 2 = -2*s, 3*k = -4*s + 3. Suppose -8*d + 12*d - 60 = s. List the prime factors of d.
3, 5
List the prime factors of 0/5 - -19*2.
2, 19
Suppose 8*d = 1186 + 390. What are the prime factors of d?
197
Let o be 254/8 + (-3)/(-12). Let u = o - 9. What are the prime factors of u?
23
Suppose 0 = -4*v + 31 + 9. Suppose 4*p - 4*q - 50 + v = 0, -1 = q. List the prime factors of p.
3
Let c = 27 - -124. List the prime factors of c.
151
Suppose 0 = -p - 0*p - s + 196, 4*s = 16. Suppose 0 = 4*d - 8*d + p. What are the prime factors of d?
2, 3
Let f(m) = -m**2 + 9*m - 4. Let j be f(7). Suppose 0*l + l + j = 0. Let q = l - -18. List the prime factors of q.
2
Suppose m - 15 = -2*m. Suppose -42 = -3*v + m*o, -3*o - 15 = 2*o. List the prime factors of v.
3
What are the prime factors of 6*11/8*40/2?
3, 5, 11
Let g(p) = 9*p**2 + p + 1. What are the prime factors of g(2)?
3, 13
Let m be (-2)/(-4) - 42/(-12). Suppose m*a - h + 3*h - 110 = 0, 0 = 3*a - 3*h - 87. List the prime factors of a.
2, 7
Let w = 437 + -308. List the prime factors of w.
3, 43
Let m be (8/(-6))/((-4)/6). Let v be (6/m)/(-3)*-10. Suppose 3*o = v - 1. List the prime factors of o.
3
Let d(p) = -11*p + 14. List the prime factors of d(-25).
17
Let p be (-3)/(-12) + (-15)/(-4). Suppose -2*f + p = 0, -3*f + 51 = 7*i - 2*i. List the prime factors of i.
3
Let i(x) be the first derivative of 16*x**3/3 - x - 2. What are the prime factors of i(1)?
3, 5
Suppose f = 5*p + 5, -f = -4*p + 2*f - 4. Let u(i) = -24*i + 1. What are the prime factors of u(p)?
5
Suppose 0 = -j + g + 405, -2*j - 4*g = -153 - 681. List the prime factors of j.
409
Suppose 0 = 3*t - 19 - 5. Let k = -3 - -5. Suppose -t = k*o - 26. List the prime factors of o.
3
Suppose 6*y + 273 = 7*y. List the prime factors of y.
3, 7, 13
Suppose 8*h = 3*h - 4*w + 271, -149 = -3*h + w. Suppose -5*g + h = -2*g. What are the prime factors of g?
17
Let l(u) = 3*u**2 - u - 10. Let v(s) = -4*s**2 + s + 15. Let w(m) = -7*l(m) - 5*v(m). Let r be w(4). Let c = 22 + r. List the prime factors of c.
3
Let f(i) = -2*i + 0*i - 7 + 1. What are the prime factors of f(-10)?
2, 7
Let z(u) = -u**3 - 4*u**2 - 3*u - 4. Suppose t = -3*k + 4, -2*k = 3*t - 4*t + 4. Suppose -s = 0, 3*b - t*s + 12 = -3*s. What are the prime factors of z(b)?
2
Suppose -r - 330 = -6*r. List the prime factors of r.
2, 3, 11
Suppose 3 = -d + 2*d, 3*x - 3 = d. Let j = x - -1. What are the prime factors of j?
3
Let u(a) = 3*a**2 - 3. Let m be u(4). Let q = m - 64. Let t = -8 - q. List the prime factors of t.
11
Suppose -t = -9 - 16. What are the prime factors of t?
5
List the prime factors of (-246)/2*2/(-3).
2, 41
Let s(v) = -v - 1. Let r be s(-3). Suppose -11 = -3*i + r*i. Let m = 24 - i. What are the prime factors of m?
13
Let x be ((-4)/10)/((-2)/220). Suppose x = -p + 5*p. List the prime factors of p.
11
Let v(m) be the first derivative of m**3/3 + m**2/2 + 22*m - 2. List the prime factors of v(0).
2, 11
Let t(u) = -3*u + 2. Let m be (1 + -2)*3*1. Let k be 15*((-24)/(-9) + m). What are the prime factors of t(k)?
17
Let k(b) = 3*b**2 + b + 6. What are the prime factors of k(3)?
2, 3
List the prime factors of (-7788)/(-77) - (-1)/(-7).
101
Let h(l) = -l**3 + 19*l**2 + l - 19. List the prime factors of h(18).
17, 19
Let d(q) = -q + 13. Let s = -3 - -12. Let n be d(s). Suppose n*h - 11 = 25. What are the prime factors of h?
3
Let q = -18 + 23. Suppose -q*l - 3*c + 159 = 0, -2*l + 3*l + 5*c = 23. What are the prime factors of l?
3, 11
Let g(f) = -f**3 + 8*f**2 - 7*f - 7. What are the prime factors of g(6)?
23
What are the prime factors of (-100)/(-2) + (-72)/18?
2, 23
Let z(u) = -u + 6. Let d be z(5). Suppose 4*n - t = 35, 4*n + d = 6*n + 5*t. Suppose -5*p - 5 = 0, 6*m + 2*p - n = m. What are the prime factors of m?
2
Suppose r + 3*r + 3*a = 94, -a = -r + 20. What are the prime factors of r?
2, 11
Let n = 3 + 7. What are the prime factors of ((-92)/10)/(n/(-25))?
23
Let h = -5 + 0. List the prime factors of (16/h)/(9/(-45)).
2
Let c be (-66)/(-4)*12/(-6). Let h = -23 - c. What are the prime factors of h?
2, 5
Suppose 5*t - 120 = -5*g, g - 20 = -0*t - 3*t. What are the prime factors of -2*2/((-8)/g)?
13
What are the prime factors of -2 + -1 - (1 - 15)?
11
Let p(g) = 4*g - 2. Let n(o) = o**2 + 3*o - 1. Let r(i) = 4*n(i) - 3*p(i). What are the prime factors of r(2)?
2, 3
Let p be (1 + (-21)/(-6))*2. Suppose 3*r + 2*y = -2*r + 16, r - y = 6. Let b = p - r. List the 